{"id":67,"date":"2018-04-05T10:06:09","date_gmt":"2018-04-05T08:06:09","guid":{"rendered":"http:\/\/www.cvdieppe.fr\/?page_id=67"},"modified":"2025-11-27T11:27:08","modified_gmt":"2025-11-27T10:27:08","slug":"permis-hauturier","status":"publish","type":"page","link":"https:\/\/www.cvdieppe.fr\/?page_id=67","title":{"rendered":"Permis Hauturier formation collective"},"content":{"rendered":"\t\t<div data-elementor-type=\"wp-post\" data-elementor-id=\"67\" class=\"elementor elementor-67\">\n\t\t\t\t\t\t<section class=\"elementor-section elementor-top-section elementor-element elementor-element-1007a9a4 elementor-section-boxed elementor-section-height-default elementor-section-height-default\" data-id=\"1007a9a4\" data-element_type=\"section\">\n\t\t\t\t\t\t<div class=\"elementor-container elementor-column-gap-default\">\n\t\t\t\t\t<div class=\"elementor-column elementor-col-100 elementor-top-column elementor-element elementor-element-55ed877f\" data-id=\"55ed877f\" data-element_type=\"column\">\n\t\t\t<div class=\"elementor-widget-wrap elementor-element-populated\">\n\t\t\t\t\t\t<div class=\"elementor-element elementor-element-d9e81a1 elementor-widget elementor-widget-text-editor\" data-id=\"d9e81a1\" data-element_type=\"widget\" data-widget_type=\"text-editor.default\">\n\t\t\t\t<div class=\"elementor-widget-container\">\n\t\t\t\t\t\t\t\t\t<p><span style=\"text-align: start;\">En compl\u00e9ment du permis c\u00f4tier, le permis hauturier permet de naviguer au-del\u00e0 de la limite des 6 miles.<\/span><\/p>\t\t\t\t\t\t\t\t<\/div>\n\t\t\t\t<\/div>\n\t\t\t\t\t<\/div>\n\t\t<\/div>\n\t\t\t\t\t<\/div>\n\t\t<\/section>\n\t\t\t\t<section class=\"elementor-section elementor-top-section elementor-element elementor-element-5d8035f0 elementor-section-boxed elementor-section-height-default elementor-section-height-default\" data-id=\"5d8035f0\" data-element_type=\"section\">\n\t\t\t\t\t\t<div class=\"elementor-container elementor-column-gap-default\">\n\t\t\t\t\t<div class=\"elementor-column elementor-col-50 elementor-top-column elementor-element elementor-element-3da335f8\" data-id=\"3da335f8\" data-element_type=\"column\">\n\t\t\t<div class=\"elementor-widget-wrap elementor-element-populated\">\n\t\t\t\t\t\t<div class=\"elementor-element elementor-element-7ae84277 elementor-widget elementor-widget-text-editor\" data-id=\"7ae84277\" data-element_type=\"widget\" data-widget_type=\"text-editor.default\">\n\t\t\t\t<div class=\"elementor-widget-container\">\n\t\t\t\t\t\t\t\t\t<section data-id=\"cpv1co6\" class=\"elementor-element elementor-element-cpv1co6 elementor-section-boxed elementor-section-height-default elementor-section-height-default elementor-section elementor-top-section\" data-element_type=\"section\">\n<div class=\"elementor-container elementor-column-gap-default\">\n<div class=\"elementor-row\">\n<div data-id=\"ex00j37\" class=\"elementor-element elementor-element-ex00j37 elementor-column elementor-col-100 elementor-top-column\" data-element_type=\"column\">\n<div class=\"elementor-column-wrap elementor-element-populated\">\n<div class=\"elementor-widget-wrap\">\n<div data-id=\"77dbe40\" class=\"elementor-element elementor-element-77dbe40 elementor-widget elementor-widget-text-editor\" data-element_type=\"text-editor.default\">\n<div class=\"elementor-widget-container\">\n<div class=\"elementor-text-editor elementor-clearfix\">\n<p><strong>PRATIQUE<\/strong><\/p>\n<p><span style=\"font-size: inherit; color: inherit;\"><strong><span style=\"text-decoration-line: underline;\">La formation classique<\/span><\/strong>&nbsp;<\/span><span style=\"font-size: inherit; color: inherit;\">se d\u00e9roule sur 32 \u00e0 40h, quatre \u00e0 cinq samedis d\u2019affil\u00e9s de 9h \u00e0 17h30 dans nos locaux du bassin de Paris, avec une heure de pause pour le d\u00e9jeuner.<\/span><\/p>\n<\/div>\n<\/div>\n<\/div>\n<\/div>\n<\/div>\n<\/div>\n<\/div>\n<\/div>\n<\/section>\t\t\t\t\t\t\t\t<\/div>\n\t\t\t\t<\/div>\n\t\t\t\t\t<\/div>\n\t\t<\/div>\n\t\t\t\t<div class=\"elementor-column elementor-col-50 elementor-top-column elementor-element elementor-element-6675284a\" data-id=\"6675284a\" data-element_type=\"column\">\n\t\t\t<div class=\"elementor-widget-wrap elementor-element-populated\">\n\t\t\t\t\t\t\t<\/div>\n\t\t<\/div>\n\t\t\t\t\t<\/div>\n\t\t<\/section>\n\t\t\t\t<section class=\"elementor-section elementor-top-section elementor-element elementor-element-4c935bd4 elementor-section-boxed elementor-section-height-default elementor-section-height-default\" data-id=\"4c935bd4\" data-element_type=\"section\">\n\t\t\t\t\t\t<div class=\"elementor-container elementor-column-gap-default\">\n\t\t\t\t\t<div class=\"elementor-column elementor-col-100 elementor-top-column elementor-element elementor-element-79ad9379\" data-id=\"79ad9379\" data-element_type=\"column\">\n\t\t\t<div class=\"elementor-widget-wrap elementor-element-populated\">\n\t\t\t\t\t\t<div class=\"elementor-element elementor-element-b8f3ab4 elementor-widget elementor-widget-text-editor\" data-id=\"b8f3ab4\" data-element_type=\"widget\" data-widget_type=\"text-editor.default\">\n\t\t\t\t<div class=\"elementor-widget-container\">\n\t\t\t\t\t\t\t\t\t<p style=\"font-size: 18px; text-align: justify;\"><span style=\"font-weight: bold;\">TARIFS<\/span><\/p><p style=\"font-size: 18px; text-align: justify;\"><span style=\"color: inherit; font-size: inherit;\">Formule classique : 425 \u20ac + 38 \u20ac de timbre fiscal.<\/span><\/p>\t\t\t\t\t\t\t\t<\/div>\n\t\t\t\t<\/div>\n\t\t\t\t<div class=\"elementor-element elementor-element-4e086738 elementor-widget elementor-widget-text-editor\" data-id=\"4e086738\" data-element_type=\"widget\" data-widget_type=\"text-editor.default\">\n\t\t\t\t<div class=\"elementor-widget-container\">\n\t\t\t\t\t\t\t\t\t<div data-id=\"1209477\" data-element_type=\"text-editor.default\"><div><div><p><b>SESSIONS 2026<\/b><\/p><p><span style=\"text-decoration: underline;\"><strong>Formule Classique :<\/strong><\/span> Les samedis 7-14-21-28 f\u00e9vrier et 7 mars 2026.<\/p><p>Pour vous inscrire, contactez-nous par mail contact@cvdieppe.fr pour r\u00e9server votre place et ensuite vous pouvez compl\u00e9ter le dossier d\u2019inscription ci-dessous.<\/p><ul><li><a href=\"https:\/\/www.cvdieppe.fr\/wp-content\/uploads\/cerfa_hauturier.pdf\">Cerfa Permis<\/a><\/li><li><a href=\"https:\/\/www.cvdieppe.fr\/wp-content\/uploads\/Contrat-formation-permis.pdf\" style=\"transition-property: all;\">Contrat de formation<\/a><\/li><li><a href=\"https:\/\/www.cvdieppe.fr\/wp-content\/uploads\/fiche-dinscription-extension-hauturiere-2026.pdf\">Fiche d&rsquo;inscription<\/a><\/li><\/ul><\/div><\/div><\/div>\t\t\t\t\t\t\t\t<\/div>\n\t\t\t\t<\/div>\n\t\t\t\t<div class=\"elementor-element elementor-element-e6415de elementor-button-info elementor-widget elementor-widget-button\" data-id=\"e6415de\" data-element_type=\"widget\" data-widget_type=\"button.default\">\n\t\t\t\t<div class=\"elementor-widget-container\">\n\t\t\t\t\t\t\t\t\t<div class=\"elementor-button-wrapper\">\n\t\t\t\t\t<a class=\"elementor-button elementor-button-link elementor-size-sm\" href=\"https:\/\/cvdieppe.axyomes.com\/client\/1-1.php\">\n\t\t\t\t\t\t<span class=\"elementor-button-content-wrapper\">\n\t\t\t\t\t\t\t\t\t<span class=\"elementor-button-text\">R\u00e9servez en ligne<\/span>\n\t\t\t\t\t<\/span>\n\t\t\t\t\t<\/a>\n\t\t\t\t<\/div>\n\t\t\t\t\t\t\t\t<\/div>\n\t\t\t\t<\/div>\n\t\t\t\t<div class=\"elementor-element elementor-element-54a40253 elementor-widget elementor-widget-google_maps\" data-id=\"54a40253\" data-element_type=\"widget\" data-widget_type=\"google_maps.default\">\n\t\t\t\t<div class=\"elementor-widget-container\">\n\t\t\t\t\t\t\t<div class=\"elementor-custom-embed\">\n\t\t\t<iframe loading=\"lazy\"\n\t\t\t\t\tsrc=\"https:\/\/maps.google.com\/maps?q=Cercle%20de%20la%20Voile%20de%20Dieppe%20-%20Bassin%20de%20Paris&#038;t=m&#038;z=14&#038;output=embed&#038;iwloc=near\"\n\t\t\t\t\ttitle=\"Cercle de la Voile de Dieppe - Bassin de Paris\"\n\t\t\t\t\taria-label=\"Cercle de la Voile de Dieppe - Bassin de Paris\"\n\t\t\t><\/iframe>\n\t\t<\/div>\n\t\t\t\t\t\t<\/div>\n\t\t\t\t<\/div>\n\t\t\t\t\t<\/div>\n\t\t<\/div>\n\t\t\t\t\t<\/div>\n\t\t<\/section>\n\t\t\t\t<\/div>\n\t\t","protected":false},"excerpt":{"rendered":"<p>En compl\u00e9ment du permis c\u00f4tier, le permis hauturier permet de naviguer au-del\u00e0 de la limite des 6 miles. PRATIQUE La formation classique&nbsp;se d\u00e9roule sur 32 \u00e0 40h, quatre \u00e0 cinq samedis d\u2019affil\u00e9s de 9h \u00e0 17h30 dans nos locaux du bassin de Paris, avec une heure de pause pour le [&hellip;]<\/p>\n","protected":false},"author":1,"featured_media":3328,"parent":0,"menu_order":0,"comment_status":"closed","ping_status":"closed","template":"","meta":{"_seopress_robots_primary_cat":"","_seopress_titles_title":"","_seopress_titles_desc":"","_seopress_robots_index":"","_eb_attr":"","footnotes":""},"_links":{"self":[{"href":"https:\/\/www.cvdieppe.fr\/index.php?rest_route=\/wp\/v2\/pages\/67"}],"collection":[{"href":"https:\/\/www.cvdieppe.fr\/index.php?rest_route=\/wp\/v2\/pages"}],"about":[{"href":"https:\/\/www.cvdieppe.fr\/index.php?rest_route=\/wp\/v2\/types\/page"}],"author":[{"embeddable":true,"href":"https:\/\/www.cvdieppe.fr\/index.php?rest_route=\/wp\/v2\/users\/1"}],"replies":[{"embeddable":true,"href":"https:\/\/www.cvdieppe.fr\/index.php?rest_route=%2Fwp%2Fv2%2Fcomments&post=67"}],"version-history":[{"count":57,"href":"https:\/\/www.cvdieppe.fr\/index.php?rest_route=\/wp\/v2\/pages\/67\/revisions"}],"predecessor-version":[{"id":4428,"href":"https:\/\/www.cvdieppe.fr\/index.php?rest_route=\/wp\/v2\/pages\/67\/revisions\/4428"}],"wp:featuredmedia":[{"embeddable":true,"href":"https:\/\/www.cvdieppe.fr\/index.php?rest_route=\/wp\/v2\/media\/3328"}],"wp:attachment":[{"href":"https:\/\/www.cvdieppe.fr\/index.php?rest_route=%2Fwp%2Fv2%2Fmedia&parent=67"}],"curies":[{"name":"wp","href":"https:\/\/api.w.org\/{rel}","templated":true}]}}