{"id":57,"date":"2018-04-05T09:54:25","date_gmt":"2018-04-05T07:54:25","guid":{"rendered":"http:\/\/www.cvdieppe.fr\/?page_id=57"},"modified":"2025-11-27T10:40:40","modified_gmt":"2025-11-27T09:40:40","slug":"randonautique","status":"publish","type":"page","link":"https:\/\/www.cvdieppe.fr\/?page_id=57","title":{"rendered":"Randonautique : croisi\u00e8re c\u00f4ti\u00e8re 1 journ\u00e9e"},"content":{"rendered":"\t\t<div data-elementor-type=\"wp-post\" data-elementor-id=\"57\" class=\"elementor elementor-57\">\n\t\t\t\t\t\t<section class=\"elementor-section elementor-top-section elementor-element elementor-element-48ac617 elementor-section-boxed elementor-section-height-default elementor-section-height-default\" data-id=\"48ac617\" data-element_type=\"section\">\n\t\t\t\t\t\t<div class=\"elementor-container elementor-column-gap-default\">\n\t\t\t\t\t<div class=\"elementor-column elementor-col-50 elementor-top-column elementor-element elementor-element-71949b5\" data-id=\"71949b5\" data-element_type=\"column\">\n\t\t\t<div class=\"elementor-widget-wrap elementor-element-populated\">\n\t\t\t\t\t\t<div class=\"elementor-element elementor-element-74d09fa elementor-widget elementor-widget-text-editor\" data-id=\"74d09fa\" data-element_type=\"widget\" data-widget_type=\"text-editor.default\">\n\t\t\t\t<div class=\"elementor-widget-container\">\n\t\t\t\t\t\t\t\t\t<h6><strong>La randonautique est une journ\u00e9e de croisi\u00e8re \u00e0 bord d\u2019un voilier confortable le long des falaises avec escale pour d\u00e9jeuner \u00e0 bord au Tr\u00e9port ou \u00e0 Saint Valery en Caux.<\/strong><\/h6>\n<h6 style=\"font-size: 14px;\"><strong>Au programme, pr\u00e9sentation des techniques de navigation c\u00f4ti\u00e8re. De la lecture de carte, \u00e0 l\u2019utilisation de l\u2019\u00e9lectronique du bord en passant par les caps et distances ainsi que les points par rel\u00e8vement, venez d\u00e9couvrir ce qui caract\u00e9rise une croisi\u00e8re c\u00f4ti\u00e8re<\/strong><\/h6>\n<h6 style=\"font-size: 14px;\"><strong>Le repas du midi, pr\u00e9vu par le CVD est pris \u00e0 bord dans le port de destination avant le retour vers Dieppe dans l\u2019apr\u00e8s-midi.<\/strong><\/h6>\t\t\t\t\t\t\t\t<\/div>\n\t\t\t\t<\/div>\n\t\t\t\t\t<\/div>\n\t\t<\/div>\n\t\t\t\t<div class=\"elementor-column elementor-col-50 elementor-top-column elementor-element elementor-element-2f1b8e8\" data-id=\"2f1b8e8\" data-element_type=\"column\">\n\t\t\t<div class=\"elementor-widget-wrap elementor-element-populated\">\n\t\t\t\t\t\t<div class=\"elementor-element elementor-element-ff17722 elementor-widget elementor-widget-image\" data-id=\"ff17722\" data-element_type=\"widget\" data-widget_type=\"image.default\">\n\t\t\t\t<div class=\"elementor-widget-container\">\n\t\t\t\t\t\t\t\t\t\t\t\t\t\t\t<img fetchpriority=\"high\" decoding=\"async\" width=\"750\" height=\"563\" src=\"https:\/\/www.cvdieppe.fr\/wp-content\/uploads\/randonautique-1024x768.jpg\" class=\"attachment-large size-large wp-image-3360\" alt=\"\" srcset=\"https:\/\/www.cvdieppe.fr\/wp-content\/uploads\/randonautique-1024x768.jpg 1024w, https:\/\/www.cvdieppe.fr\/wp-content\/uploads\/randonautique-300x225.jpg 300w, https:\/\/www.cvdieppe.fr\/wp-content\/uploads\/randonautique-768x576.jpg 768w, https:\/\/www.cvdieppe.fr\/wp-content\/uploads\/randonautique.jpg 1080w\" sizes=\"(max-width: 750px) 100vw, 750px\" \/>\t\t\t\t\t\t\t\t\t\t\t\t\t\t\t<\/div>\n\t\t\t\t<\/div>\n\t\t\t\t\t<\/div>\n\t\t<\/div>\n\t\t\t\t\t<\/div>\n\t\t<\/section>\n\t\t\t\t<section class=\"elementor-section elementor-top-section elementor-element elementor-element-6d7eeec elementor-section-boxed elementor-section-height-default elementor-section-height-default\" data-id=\"6d7eeec\" data-element_type=\"section\">\n\t\t\t\t\t\t<div class=\"elementor-container elementor-column-gap-default\">\n\t\t\t\t\t<div class=\"elementor-column elementor-col-50 elementor-top-column elementor-element elementor-element-3eea9d7\" data-id=\"3eea9d7\" data-element_type=\"column\">\n\t\t\t<div class=\"elementor-widget-wrap elementor-element-populated\">\n\t\t\t\t\t\t<div class=\"elementor-element elementor-element-69547ec elementor-widget elementor-widget-text-editor\" data-id=\"69547ec\" data-element_type=\"widget\" data-widget_type=\"text-editor.default\">\n\t\t\t\t<div class=\"elementor-widget-container\">\n\t\t\t\t\t\t\t\t\t<p><strong>Programme 2026<\/strong> :<\/p>\n<h6 style=\"padding-left: 80px;\">&#8211; 21 mars<\/h6>\n<h6 style=\"padding-left: 80px;\">&#8211; 4 avril<\/h6>\n<h6 style=\"padding-left: 80px;\">&#8211; 17 mai<\/h6>\n<h6 style=\"padding-left: 80px;\">&#8211; 15 ao\u00fbt<\/h6>\n<h6 style=\"padding-left: 80px;\">&#8211; 12 septembre<\/h6>\n<h6 style=\"padding-left: 80px;\">&#8211; 11 octobre<\/h6>\n<h6 style=\"padding-left: 80px;\"><\/h6>\n<p><\/p>\n<h6 style=\"padding-left: 80px;\"><span style=\"font-size: inherit;\">La destination est Le Tr\u00e9port ou St Val\u00e9ry en Caux en fonction de la m\u00e9t\u00e9o et de l&rsquo;heure de pleine mer.<\/span><\/h6>\t\t\t\t\t\t\t\t<\/div>\n\t\t\t\t<\/div>\n\t\t\t\t\t<\/div>\n\t\t<\/div>\n\t\t\t\t<div class=\"elementor-column elementor-col-50 elementor-top-column elementor-element elementor-element-ad79ee6\" data-id=\"ad79ee6\" data-element_type=\"column\">\n\t\t\t<div class=\"elementor-widget-wrap elementor-element-populated\">\n\t\t\t\t\t\t<div class=\"elementor-element elementor-element-ea1520c elementor-widget elementor-widget-text-editor\" data-id=\"ea1520c\" data-element_type=\"widget\" data-widget_type=\"text-editor.default\">\n\t\t\t\t<div class=\"elementor-widget-container\">\n\t\t\t\t\t\t\t\t\t<h6><strong>Tarifs 2026 :<\/strong><\/h6>\n<h6>141 \u20ac la journ\u00e9e repas compris auquel il faut ajouter le passeport voile (14,50 \u20ac en 2026)<\/h6>\n<h6><span style=\"text-align: start;\">Pour vous inscrire, contactez-nous par mail contact@cvdieppe.fr pour r\u00e9server votre place ou depuis la boutique en ligne.&nbsp;<\/span><\/h6>\n<h6><img decoding=\"async\" src=\"https:\/\/www.cvdieppe.fr\/wp-content\/uploads\/ortac-le-treport-225x300.jpg\" alt=\"\" width=\"225\" height=\"300\" class=\"size-medium wp-image-4318 aligncenter\" srcset=\"https:\/\/www.cvdieppe.fr\/wp-content\/uploads\/ortac-le-treport-225x300.jpg 225w, https:\/\/www.cvdieppe.fr\/wp-content\/uploads\/ortac-le-treport.jpg 709w\" sizes=\"(max-width: 225px) 100vw, 225px\" \/><\/h6>\t\t\t\t\t\t\t\t<\/div>\n\t\t\t\t<\/div>\n\t\t\t\t\t<\/div>\n\t\t<\/div>\n\t\t\t\t\t<\/div>\n\t\t<\/section>\n\t\t\t\t<\/div>\n\t\t","protected":false},"excerpt":{"rendered":"<p>La randonautique est une journ\u00e9e de croisi\u00e8re \u00e0 bord d\u2019un voilier confortable le long des falaises avec escale pour d\u00e9jeuner \u00e0 bord au Tr\u00e9port ou \u00e0 Saint Valery en Caux. Au programme, pr\u00e9sentation des techniques de navigation c\u00f4ti\u00e8re. De la lecture de carte, \u00e0 l\u2019utilisation de l\u2019\u00e9lectronique du bord en [&hellip;]<\/p>\n","protected":false},"author":1,"featured_media":0,"parent":0,"menu_order":0,"comment_status":"closed","ping_status":"closed","template":"","meta":{"_seopress_robots_primary_cat":"","_seopress_titles_title":"","_seopress_titles_desc":"","_seopress_robots_index":"","_eb_attr":"","footnotes":""},"_links":{"self":[{"href":"https:\/\/www.cvdieppe.fr\/index.php?rest_route=\/wp\/v2\/pages\/57"}],"collection":[{"href":"https:\/\/www.cvdieppe.fr\/index.php?rest_route=\/wp\/v2\/pages"}],"about":[{"href":"https:\/\/www.cvdieppe.fr\/index.php?rest_route=\/wp\/v2\/types\/page"}],"author":[{"embeddable":true,"href":"https:\/\/www.cvdieppe.fr\/index.php?rest_route=\/wp\/v2\/users\/1"}],"replies":[{"embeddable":true,"href":"https:\/\/www.cvdieppe.fr\/index.php?rest_route=%2Fwp%2Fv2%2Fcomments&post=57"}],"version-history":[{"count":60,"href":"https:\/\/www.cvdieppe.fr\/index.php?rest_route=\/wp\/v2\/pages\/57\/revisions"}],"predecessor-version":[{"id":4394,"href":"https:\/\/www.cvdieppe.fr\/index.php?rest_route=\/wp\/v2\/pages\/57\/revisions\/4394"}],"wp:attachment":[{"href":"https:\/\/www.cvdieppe.fr\/index.php?rest_route=%2Fwp%2Fv2%2Fmedia&parent=57"}],"curies":[{"name":"wp","href":"https:\/\/api.w.org\/{rel}","templated":true}]}}