{"id":41,"date":"2018-04-04T23:37:12","date_gmt":"2018-04-04T21:37:12","guid":{"rendered":"http:\/\/www.cvdieppe.fr\/?page_id=41"},"modified":"2025-11-27T10:53:14","modified_gmt":"2025-11-27T09:53:14","slug":"entrainement-regate","status":"publish","type":"page","link":"https:\/\/www.cvdieppe.fr\/?page_id=41","title":{"rendered":"Entrainement r\u00e9gate"},"content":{"rendered":"\t\t<div data-elementor-type=\"wp-post\" data-elementor-id=\"41\" class=\"elementor elementor-41\">\n\t\t\t\t\t\t<section class=\"elementor-section elementor-top-section elementor-element elementor-element-bfa1352 elementor-section-boxed elementor-section-height-default elementor-section-height-default\" data-id=\"bfa1352\" data-element_type=\"section\">\n\t\t\t\t\t\t<div class=\"elementor-container elementor-column-gap-default\">\n\t\t\t\t\t<div class=\"elementor-column elementor-col-50 elementor-top-column elementor-element elementor-element-892baea\" data-id=\"892baea\" data-element_type=\"column\">\n\t\t\t<div class=\"elementor-widget-wrap elementor-element-populated\">\n\t\t\t\t\t\t<div class=\"elementor-element elementor-element-5a2ceed elementor-widget elementor-widget-image\" data-id=\"5a2ceed\" data-element_type=\"widget\" data-widget_type=\"image.default\">\n\t\t\t\t<div class=\"elementor-widget-container\">\n\t\t\t\t\t\t\t\t\t\t\t\t\t\t\t<img fetchpriority=\"high\" decoding=\"async\" width=\"750\" height=\"563\" src=\"https:\/\/www.cvdieppe.fr\/wp-content\/uploads\/2018\/04\/P3010209-1024x768.jpg\" class=\"attachment-large size-large wp-image-42\" alt=\"\" srcset=\"https:\/\/www.cvdieppe.fr\/wp-content\/uploads\/2018\/04\/P3010209-1024x768.jpg 1024w, https:\/\/www.cvdieppe.fr\/wp-content\/uploads\/2018\/04\/P3010209-300x225.jpg 300w, https:\/\/www.cvdieppe.fr\/wp-content\/uploads\/2018\/04\/P3010209-768x576.jpg 768w\" sizes=\"(max-width: 750px) 100vw, 750px\" \/>\t\t\t\t\t\t\t\t\t\t\t\t\t\t\t<\/div>\n\t\t\t\t<\/div>\n\t\t\t\t\t<\/div>\n\t\t<\/div>\n\t\t\t\t<div class=\"elementor-column elementor-col-50 elementor-top-column elementor-element elementor-element-de89a98\" data-id=\"de89a98\" data-element_type=\"column\">\n\t\t\t<div class=\"elementor-widget-wrap elementor-element-populated\">\n\t\t\t\t\t\t<div class=\"elementor-element elementor-element-9c40662 elementor-widget elementor-widget-text-editor\" data-id=\"9c40662\" data-element_type=\"widget\" data-widget_type=\"text-editor.default\">\n\t\t\t\t<div class=\"elementor-widget-container\">\n\t\t\t\t\t\t\t\t\t<p>\u00a0Des entra\u00eenements collectifs sont organis\u00e9s par les moniteurs : le but est de s&rsquo;entrainer en vu de participer \u00e0 des r\u00e9gates corporatives \u00e9tudiantes (Edhec&#8230;.) ou d&rsquo;entreprise ou r\u00e9gionales.\u00a0<\/p><p>Coordination des \u00e9quipages, prises de d\u00e9parts, passages de bou\u00e9es, tactique sont au programme de ces entra\u00eenements.\u00a0<\/p><p>Cette formation est\u00a0<b>r\u00e9alisable<\/b>\u00a0tous les week-end sur\u00a0<b>r\u00e9servation.<\/b><\/p><p><b>4 Grand-Surprises attendent vos \u00e9quipages pour des entra\u00eenements.<\/b><\/p>\t\t\t\t\t\t\t\t<\/div>\n\t\t\t\t<\/div>\n\t\t\t\t\t<\/div>\n\t\t<\/div>\n\t\t\t\t\t<\/div>\n\t\t<\/section>\n\t\t\t\t<section class=\"elementor-section elementor-top-section elementor-element elementor-element-7f1ef42 elementor-section-boxed elementor-section-height-default elementor-section-height-default\" data-id=\"7f1ef42\" data-element_type=\"section\">\n\t\t\t\t\t\t<div class=\"elementor-container elementor-column-gap-default\">\n\t\t\t\t\t<div class=\"elementor-column elementor-col-100 elementor-top-column elementor-element elementor-element-9f66778\" data-id=\"9f66778\" data-element_type=\"column\">\n\t\t\t<div class=\"elementor-widget-wrap elementor-element-populated\">\n\t\t\t\t\t\t<div class=\"elementor-element elementor-element-f694671 elementor-widget elementor-widget-text-editor\" data-id=\"f694671\" data-element_type=\"widget\" data-widget_type=\"text-editor.default\">\n\t\t\t\t<div class=\"elementor-widget-container\">\n\t\t\t\t\t\t\t\t\t<h6><span>Tarifs :<\/span><\/h6><p>\u2013 Grand Surprise + Zodiac :<br \/>\u00a0 \u00a0 \u00a0 \u00a0 \u2013 Journ\u00e9e : 450 \u20ac (362 \u20ac \u00e9tudiants)<br \/>\u00a0 \u00a0 \u00a0 \u00a0 \u2013 Week-end : 850 \u20ac (682 \u20ac \u00e9tudiants)<\/p><p style=\"font-size: 18px; text-align: start;\">Pour vous inscrire, contactez-nous par mail contact@cvdieppe.fr pour r\u00e9server votre ou vos bateaux et ensuite vous pouvez compl\u00e9ter le dossier d\u2019inscription ci-dessous qui sera \u00e0 nous retourner avec votre r\u00e8glement pour bloquer votre r\u00e9servation.<\/p><ul style=\"text-align: start;\"><li><a href=\"https:\/\/www.cvdieppe.fr\/wp-content\/uploads\/Fiche-inscription-stage.pdf\" style=\"transition-property: all;\">Fiche d\u2019inscription CVD<\/a><\/li><\/ul>\t\t\t\t\t\t\t\t<\/div>\n\t\t\t\t<\/div>\n\t\t\t\t\t<\/div>\n\t\t<\/div>\n\t\t\t\t\t<\/div>\n\t\t<\/section>\n\t\t\t\t<section class=\"elementor-section elementor-top-section elementor-element elementor-element-bfed1a4 elementor-section-boxed elementor-section-height-default elementor-section-height-default\" data-id=\"bfed1a4\" data-element_type=\"section\">\n\t\t\t\t\t\t<div class=\"elementor-container elementor-column-gap-default\">\n\t\t\t\t\t<div class=\"elementor-column elementor-col-100 elementor-top-column elementor-element elementor-element-a146b68\" data-id=\"a146b68\" data-element_type=\"column\">\n\t\t\t<div class=\"elementor-widget-wrap elementor-element-populated\">\n\t\t\t\t\t\t<div class=\"elementor-element elementor-element-43a7179 elementor-widget elementor-widget-video\" data-id=\"43a7179\" data-element_type=\"widget\" data-settings=\"{&quot;video_type&quot;:&quot;vimeo&quot;}\" data-widget_type=\"video.default\">\n\t\t\t\t<div class=\"elementor-widget-container\">\n\t\t\t\t\t\t\t<div class=\"elementor-wrapper elementor-open-inline\">\n\t\t\t<iframe class=\"elementor-video-iframe\" allowfullscreen allow=\"clipboard-write\" title=\"Lecteur vid\u00e9o vimeo\" src=\"https:\/\/player.vimeo.com\/video\/463506686?color&amp;autopause=0&amp;loop=0&amp;muted=0&amp;title=1&amp;portrait=1&amp;byline=1#t=\"><\/iframe>\t\t<\/div>\n\t\t\t\t\t\t<\/div>\n\t\t\t\t<\/div>\n\t\t\t\t\t<\/div>\n\t\t<\/div>\n\t\t\t\t\t<\/div>\n\t\t<\/section>\n\t\t\t\t<\/div>\n\t\t","protected":false},"excerpt":{"rendered":"<p>\u00a0Des entra\u00eenements collectifs sont organis\u00e9s par les moniteurs : le but est de s&rsquo;entrainer en vu de participer \u00e0 des r\u00e9gates corporatives \u00e9tudiantes (Edhec&#8230;.) ou d&rsquo;entreprise ou r\u00e9gionales.\u00a0 Coordination des \u00e9quipages, prises de d\u00e9parts, passages de bou\u00e9es, tactique sont au programme de ces entra\u00eenements.\u00a0 Cette formation est\u00a0r\u00e9alisable\u00a0tous les week-end sur\u00a0r\u00e9servation. [&hellip;]<\/p>\n","protected":false},"author":1,"featured_media":0,"parent":0,"menu_order":0,"comment_status":"closed","ping_status":"closed","template":"","meta":{"_seopress_robots_primary_cat":"","_seopress_titles_title":"","_seopress_titles_desc":"","_seopress_robots_index":"","_eb_attr":"","footnotes":""},"_links":{"self":[{"href":"https:\/\/www.cvdieppe.fr\/index.php?rest_route=\/wp\/v2\/pages\/41"}],"collection":[{"href":"https:\/\/www.cvdieppe.fr\/index.php?rest_route=\/wp\/v2\/pages"}],"about":[{"href":"https:\/\/www.cvdieppe.fr\/index.php?rest_route=\/wp\/v2\/types\/page"}],"author":[{"embeddable":true,"href":"https:\/\/www.cvdieppe.fr\/index.php?rest_route=\/wp\/v2\/users\/1"}],"replies":[{"embeddable":true,"href":"https:\/\/www.cvdieppe.fr\/index.php?rest_route=%2Fwp%2Fv2%2Fcomments&post=41"}],"version-history":[{"count":34,"href":"https:\/\/www.cvdieppe.fr\/index.php?rest_route=\/wp\/v2\/pages\/41\/revisions"}],"predecessor-version":[{"id":4412,"href":"https:\/\/www.cvdieppe.fr\/index.php?rest_route=\/wp\/v2\/pages\/41\/revisions\/4412"}],"wp:attachment":[{"href":"https:\/\/www.cvdieppe.fr\/index.php?rest_route=%2Fwp%2Fv2%2Fmedia&parent=41"}],"curies":[{"name":"wp","href":"https:\/\/api.w.org\/{rel}","templated":true}]}}