{"id":3633,"date":"2024-03-21T09:49:02","date_gmt":"2024-03-21T08:49:02","guid":{"rendered":"https:\/\/www.cvdieppe.fr\/?page_id=3633"},"modified":"2025-11-27T11:30:43","modified_gmt":"2025-11-27T10:30:43","slug":"permis-hauturier-formation-individualisee","status":"publish","type":"page","link":"https:\/\/www.cvdieppe.fr\/?page_id=3633","title":{"rendered":"Permis Hauturier formation individualis\u00e9e"},"content":{"rendered":"\t\t<div data-elementor-type=\"wp-page\" data-elementor-id=\"3633\" class=\"elementor elementor-3633\">\n\t\t\t\t\t\t<section class=\"elementor-section elementor-top-section elementor-element elementor-element-34ebb8b elementor-section-boxed elementor-section-height-default elementor-section-height-default\" data-id=\"34ebb8b\" data-element_type=\"section\">\n\t\t\t\t\t\t<div class=\"elementor-container elementor-column-gap-default\">\n\t\t\t\t\t<div class=\"elementor-column elementor-col-100 elementor-top-column elementor-element elementor-element-4008829\" data-id=\"4008829\" data-element_type=\"column\">\n\t\t\t<div class=\"elementor-widget-wrap\">\n\t\t\t\t\t\t\t<\/div>\n\t\t<\/div>\n\t\t\t\t\t<\/div>\n\t\t<\/section>\n\t\t\t\t<section class=\"elementor-section elementor-top-section elementor-element elementor-element-0ae8215 elementor-section-boxed elementor-section-height-default elementor-section-height-default\" data-id=\"0ae8215\" data-element_type=\"section\">\n\t\t\t\t\t\t<div class=\"elementor-container elementor-column-gap-default\">\n\t\t\t\t\t<div class=\"elementor-column elementor-col-100 elementor-top-column elementor-element elementor-element-0f29022\" data-id=\"0f29022\" data-element_type=\"column\">\n\t\t\t<div class=\"elementor-widget-wrap elementor-element-populated\">\n\t\t\t\t\t\t<div class=\"elementor-element elementor-element-a35af49 elementor-widget elementor-widget-text-editor\" data-id=\"a35af49\" data-element_type=\"widget\" data-widget_type=\"text-editor.default\">\n\t\t\t\t<div class=\"elementor-widget-container\">\n\t\t\t\t\t\t\t\t\t<p><span style=\"font-size: 14.0pt; font-family: Roboto;\">\u00a0<\/span><strong style=\"text-align: justify;\"><span style=\"text-decoration-line: underline;\">Formule individualis\u00e9e :<\/span><\/strong><span style=\"text-align: justify;\">\u00a0Nous vous proposons une formule en semi-autonomie avec 3 Rdv d&rsquo;une heure afin de v\u00e9rifier vos apprentissages et m\u00e9thode.\u00a0<\/span><\/p><p><b style=\"font-size: inherit;\"><span style=\"font-size: 14.0pt; font-family: Roboto;\">D\u00e9roul\u00e9\u00a0<\/span><\/b><span style=\"font-size: 14pt; font-family: Roboto;\">:\u00a0<\/span><\/p><p><span style=\"font-size: 14pt; font-family: Roboto;\">Apr\u00e8s avoir compl\u00e9t\u00e9 le dossier d\u2019inscription, un premier rendez-vous d\u2019une heure en cours particulier est fix\u00e9 pour pr\u00e9senter la formation et indiquer les exercices \u00e0 faire \u00e0 la maison. Une fois ceux-ci effectu\u00e9s, un deuxi\u00e8me rendez-vous d\u2019une heure pour la suite du programme et un troisi\u00e8me en fin de formation afin de valider le niveau pour l&rsquo;examen et travailler les questions diverses pos\u00e9es \u00e0 l&rsquo;examen.<\/span><\/p><p><span style=\"font-size: 14pt; font-family: Roboto;\">\u00a0Le formateur reste disponible par mail si besoin.<\/span><\/p><p><span style=\"font-size: 14.0pt; font-family: Roboto;\">Temps de travail personnel estim\u00e9 n\u00e9cessaire\u00a0: une trentaine d\u2019heure.<o:p><\/o:p><\/span><\/p><p><span style=\"font-size: 14.0pt; font-family: Roboto;\">\u00a0<\/span><\/p><p><b><span style=\"font-size: 14.0pt; font-family: Roboto;\">Co\u00fbt total\u00a0<\/span><\/b><span style=\"font-size: 14.0pt; font-family: Roboto;\">: 290 \u20ac cotisation au club incluse\u00a0<\/span><span style=\"text-align: justify;\">+38\u20ac de timbre fiscal<\/span><span style=\"text-align: justify;\">\u00a0<\/span><\/p><p><span style=\"font-size: 14.0pt; font-family: Roboto;\">\u00a0<o:p><\/o:p><\/span><span style=\"font-family: Roboto; font-size: 18.6667px;\">Cette offre comprend la fourniture du mat\u00e9riel p\u00e9dagogique (carte, livrets de cours et d\u2019exercice, compas et r\u00e8gle de navigation), les d\u00e9marches d\u2019inscription aupr\u00e8s des Affaires Maritimes, et 3 heures de cours particulier.<\/span><\/p><p><span style=\"font-size: 14.0pt; font-family: Roboto;\">\u00a0<\/span><\/p><p><b><span style=\"font-size: 14.0pt; font-family: Roboto;\">NB<\/span><\/b><span style=\"font-size: 14.0pt; font-family: Roboto;\">\u00a0: il faut \u00eatre titulaire du permis c\u00f4tier pour pr\u00e9senter le permis hauturier<o:p><\/o:p><\/span><\/p><p><span style=\"font-size: 14.0pt; font-family: Roboto;\">\u00a0<\/span><\/p><p style=\"font-size: 18px;\"><span style=\"text-decoration-line: underline;\"><strong>Formule individualis\u00e9e :<\/strong><\/span> Tout au long de l&rsquo;ann\u00e9e en semaine<\/p><p style=\"font-size: 18px;\">Pour vous inscrire, contactez-nous par mail contact@cvdieppe.fr pour r\u00e9server votre place et ensuite vous pouvez compl\u00e9ter le dossier d\u2019inscription ci-dessous.<\/p><ul><li><a href=\"https:\/\/www.cvdieppe.fr\/wp-content\/uploads\/cerfa_hauturier.pdf\" style=\"transition-property: all;\">Cerfa Permis<\/a><\/li><li><a href=\"https:\/\/www.cvdieppe.fr\/wp-content\/uploads\/Contrat-formation-permis.pdf\" style=\"transition-property: all;\">Contrat de formation<\/a><\/li><li><a href=\"https:\/\/www.cvdieppe.fr\/wp-content\/uploads\/fiche-dinscription-extension-hauturiere-individualise-2026.pdf\">Fiche d&rsquo;inscription<\/a><\/li><\/ul>\t\t\t\t\t\t\t\t<\/div>\n\t\t\t\t<\/div>\n\t\t\t\t\t<\/div>\n\t\t<\/div>\n\t\t\t\t\t<\/div>\n\t\t<\/section>\n\t\t\t\t<\/div>\n\t\t","protected":false},"excerpt":{"rendered":"<p>\u00a0Formule individualis\u00e9e :\u00a0Nous vous proposons une formule en semi-autonomie avec 3 Rdv d&rsquo;une heure afin de v\u00e9rifier vos apprentissages et m\u00e9thode.\u00a0 D\u00e9roul\u00e9\u00a0:\u00a0 Apr\u00e8s avoir compl\u00e9t\u00e9 le dossier d\u2019inscription, un premier rendez-vous d\u2019une heure en cours particulier est fix\u00e9 pour pr\u00e9senter la formation et indiquer les exercices \u00e0 faire \u00e0 la [&hellip;]<\/p>\n","protected":false},"author":2,"featured_media":3328,"parent":0,"menu_order":0,"comment_status":"closed","ping_status":"closed","template":"","meta":{"_seopress_robots_primary_cat":"","_seopress_titles_title":"","_seopress_titles_desc":"","_seopress_robots_index":"","_eb_attr":"","footnotes":""},"_links":{"self":[{"href":"https:\/\/www.cvdieppe.fr\/index.php?rest_route=\/wp\/v2\/pages\/3633"}],"collection":[{"href":"https:\/\/www.cvdieppe.fr\/index.php?rest_route=\/wp\/v2\/pages"}],"about":[{"href":"https:\/\/www.cvdieppe.fr\/index.php?rest_route=\/wp\/v2\/types\/page"}],"author":[{"embeddable":true,"href":"https:\/\/www.cvdieppe.fr\/index.php?rest_route=\/wp\/v2\/users\/2"}],"replies":[{"embeddable":true,"href":"https:\/\/www.cvdieppe.fr\/index.php?rest_route=%2Fwp%2Fv2%2Fcomments&post=3633"}],"version-history":[{"count":30,"href":"https:\/\/www.cvdieppe.fr\/index.php?rest_route=\/wp\/v2\/pages\/3633\/revisions"}],"predecessor-version":[{"id":4432,"href":"https:\/\/www.cvdieppe.fr\/index.php?rest_route=\/wp\/v2\/pages\/3633\/revisions\/4432"}],"wp:featuredmedia":[{"embeddable":true,"href":"https:\/\/www.cvdieppe.fr\/index.php?rest_route=\/wp\/v2\/media\/3328"}],"wp:attachment":[{"href":"https:\/\/www.cvdieppe.fr\/index.php?rest_route=%2Fwp%2Fv2%2Fmedia&parent=3633"}],"curies":[{"name":"wp","href":"https:\/\/api.w.org\/{rel}","templated":true}]}}