{"id":2139,"date":"2021-10-26T17:47:41","date_gmt":"2021-10-26T15:47:41","guid":{"rendered":"https:\/\/www.cvdieppe.fr\/?page_id=2139"},"modified":"2021-10-26T17:57:38","modified_gmt":"2021-10-26T15:57:38","slug":"mentions-legales","status":"publish","type":"page","link":"https:\/\/www.cvdieppe.fr\/?page_id=2139","title":{"rendered":"Mentions l\u00e9gales"},"content":{"rendered":"\t\t<div data-elementor-type=\"wp-page\" data-elementor-id=\"2139\" class=\"elementor elementor-2139\">\n\t\t\t\t\t\t<section class=\"elementor-section elementor-top-section elementor-element elementor-element-ce07257 elementor-section-boxed elementor-section-height-default elementor-section-height-default\" data-id=\"ce07257\" data-element_type=\"section\">\n\t\t\t\t\t\t<div class=\"elementor-container elementor-column-gap-default\">\n\t\t\t\t\t<div class=\"elementor-column elementor-col-100 elementor-top-column elementor-element elementor-element-41e3b72\" data-id=\"41e3b72\" data-element_type=\"column\">\n\t\t\t<div class=\"elementor-widget-wrap elementor-element-populated\">\n\t\t\t\t\t\t<div class=\"elementor-element elementor-element-4965491 elementor-widget elementor-widget-text-editor\" data-id=\"4965491\" data-element_type=\"widget\" data-widget_type=\"text-editor.default\">\n\t\t\t\t<div class=\"elementor-widget-container\">\n\t\t\t\t\t\t\t\t\t<h6>Mentions l\u00e9gales<\/h6><p>Nom de l\u2019association\u00a0: Cercle de la Voile de Dieppe<\/p><p>Adresse\u00a0: Quai du Car\u00e9nage, 76200 Dieppe<\/p><p>Num\u00e9ro de t\u00e9l\u00e9phone\u00a0:\u00a0<\/p><p>Directeur de la publication : Anne-Marie Dolidier<\/p><p>H\u00e9bergeur\u00a0: OVH<\/p>\t\t\t\t\t\t\t\t<\/div>\n\t\t\t\t<\/div>\n\t\t\t\t\t<\/div>\n\t\t<\/div>\n\t\t\t\t\t<\/div>\n\t\t<\/section>\n\t\t\t\t<\/div>\n\t\t","protected":false},"excerpt":{"rendered":"<p>Mentions l\u00e9gales Nom de l\u2019association\u00a0: Cercle de la Voile de Dieppe Adresse\u00a0: Quai du Car\u00e9nage, 76200 Dieppe Num\u00e9ro de t\u00e9l\u00e9phone\u00a0:\u00a0 Directeur de la publication : Anne-Marie Dolidier H\u00e9bergeur\u00a0: OVH<\/p>\n","protected":false},"author":1,"featured_media":0,"parent":0,"menu_order":0,"comment_status":"closed","ping_status":"closed","template":"page-templates\/template-pagebuilder-full-width.php","meta":{"_seopress_robots_primary_cat":"","_seopress_titles_title":"","_seopress_titles_desc":"","_seopress_robots_index":"","_eb_attr":"","footnotes":""},"_links":{"self":[{"href":"https:\/\/www.cvdieppe.fr\/index.php?rest_route=\/wp\/v2\/pages\/2139"}],"collection":[{"href":"https:\/\/www.cvdieppe.fr\/index.php?rest_route=\/wp\/v2\/pages"}],"about":[{"href":"https:\/\/www.cvdieppe.fr\/index.php?rest_route=\/wp\/v2\/types\/page"}],"author":[{"embeddable":true,"href":"https:\/\/www.cvdieppe.fr\/index.php?rest_route=\/wp\/v2\/users\/1"}],"replies":[{"embeddable":true,"href":"https:\/\/www.cvdieppe.fr\/index.php?rest_route=%2Fwp%2Fv2%2Fcomments&post=2139"}],"version-history":[{"count":7,"href":"https:\/\/www.cvdieppe.fr\/index.php?rest_route=\/wp\/v2\/pages\/2139\/revisions"}],"predecessor-version":[{"id":2147,"href":"https:\/\/www.cvdieppe.fr\/index.php?rest_route=\/wp\/v2\/pages\/2139\/revisions\/2147"}],"wp:attachment":[{"href":"https:\/\/www.cvdieppe.fr\/index.php?rest_route=%2Fwp%2Fv2%2Fmedia&parent=2139"}],"curies":[{"name":"wp","href":"https:\/\/api.w.org\/{rel}","templated":true}]}}

Mentions légales

<div data-elementor-type="wp-page" data-elementor-id="2139" class="elementor elementor-2139">
						<section class="elementor-section elementor-top-section elementor-element elementor-element-ce07257 elementor-section-boxed elementor-section-height-default elementor-section-height-default" data-id="ce07257" data-element_type="section">
						<div class="elementor-container elementor-column-gap-default">
					<div class="elementor-column elementor-col-100 elementor-top-column elementor-element elementor-element-41e3b72" data-id="41e3b72" data-element_type="column">
			<div class="elementor-widget-wrap elementor-element-populated">
						<div class="elementor-element elementor-element-4965491 elementor-widget elementor-widget-text-editor" data-id="4965491" data-element_type="widget" data-widget_type="text-editor.default">
				<div class="elementor-widget-container">
									<h6>Mentions légales</h6><p>Nom de l’association : Cercle de la Voile de Dieppe</p><p>Adresse : Quai du Carénage, 76200 Dieppe</p><p>Numéro de téléphone : </p><p>Directeur de la publication : Anne-Marie Dolidier</p><p>Hébergeur : OVH</p>								</div>
				</div>
					</div>
		</div>
					</div>
		</section>
				</div>

<p>Mentions légales Nom de l’association : Cercle de la Voile de Dieppe Adresse : Quai du Carénage, 76200 Dieppe Numéro de téléphone :  Directeur de la publication : Anne-Marie Dolidier Hébergeur : OVH</p>
