{"id":2129,"date":"2021-10-26T17:37:51","date_gmt":"2021-10-26T15:37:51","guid":{"rendered":"https:\/\/www.cvdieppe.fr\/?page_id=2129"},"modified":"2025-11-27T10:43:04","modified_gmt":"2025-11-27T09:43:04","slug":"visite-technique-dun-voilier","status":"publish","type":"page","link":"https:\/\/www.cvdieppe.fr\/?page_id=2129","title":{"rendered":"Man\u0153uvres de port, amarrage d\u2019un voilier"},"content":{"rendered":"\t\t<div data-elementor-type=\"wp-post\" data-elementor-id=\"2129\" class=\"elementor elementor-2129\">\n\t\t\t\t\t\t<section class=\"elementor-section elementor-top-section elementor-element elementor-element-2cc029f elementor-section-boxed elementor-section-height-default elementor-section-height-default\" data-id=\"2cc029f\" data-element_type=\"section\">\n\t\t\t\t\t\t<div class=\"elementor-container elementor-column-gap-default\">\n\t\t\t\t\t<div class=\"elementor-column elementor-col-50 elementor-top-column elementor-element elementor-element-2ebec40\" data-id=\"2ebec40\" data-element_type=\"column\">\n\t\t\t<div class=\"elementor-widget-wrap elementor-element-populated\">\n\t\t\t\t\t\t<div class=\"elementor-element elementor-element-9a732eb elementor-widget__width-initial elementor-widget elementor-widget-text-editor\" data-id=\"9a732eb\" data-element_type=\"widget\" data-widget_type=\"text-editor.default\">\n\t\t\t\t<div class=\"elementor-widget-container\">\n\t\t\t\t\t\t\t\t\t<div data-id=\"be4222c\" data-element_type=\"text-editor.default\"><div><div><p><strong>-Man\u0153uvres<\/strong><b> de port et amarrage d\u2019un voilier\u00a0:\u00a0<\/b><\/p><p>Man\u0153uvrer un voilier dans un port encombr\u00e9 n\u2018est pas toujours facile, surtout si le vent souffle\u00a0!<\/p><p>Cette journ\u00e9e a pour but de vous enseigner toutes les \u00ab\u00a0ficelles\u00a0\u00bb de la man\u0153uvre\u00a0: conna\u00eetre les r\u00e9actions du bateau, identifier les difficult\u00e9s, pr\u00e9parer une arriv\u00e9e ou un d\u00e9part, diriger un \u00e9quipage, r\u00e9aliser un bon amarrage\u2026<\/p><p>Tous les points seront abord\u00e9s et r\u00e9p\u00e9t\u00e9s.\u00a0 Si la m\u00e9t\u00e9o le permet, le mouillage et l\u2019utilisation du guindeau seront \u00e9galement au programme.<\/p><\/div><\/div><\/div>\t\t\t\t\t\t\t\t<\/div>\n\t\t\t\t<\/div>\n\t\t\t\t<div class=\"elementor-element elementor-element-554c3d6 elementor-widget elementor-widget-text-editor\" data-id=\"554c3d6\" data-element_type=\"widget\" data-widget_type=\"text-editor.default\">\n\t\t\t\t<div class=\"elementor-widget-container\">\n\t\t\t\t\t\t\t\t\t<div data-id=\"29f7bbe\" data-element_type=\"text-editor.default\">\n<div>\n<div>\n<p><strong>Tarif 2026<\/strong><\/p>\n<\/div>\n<\/div>\n<\/div>\n<div data-id=\"kvofstg\" data-element_type=\"text-editor.default\">\n<p>141 \u20ac la journ\u00e9e auquel il faut ajouter le passeport voile 14,50 \u20ac (en 2026)<\/p>\n<\/div>\t\t\t\t\t\t\t\t<\/div>\n\t\t\t\t<\/div>\n\t\t\t\t\t<\/div>\n\t\t<\/div>\n\t\t\t\t<div class=\"elementor-column elementor-col-50 elementor-top-column elementor-element elementor-element-909a0bd\" data-id=\"909a0bd\" data-element_type=\"column\">\n\t\t\t<div class=\"elementor-widget-wrap elementor-element-populated\">\n\t\t\t\t\t\t\t<\/div>\n\t\t<\/div>\n\t\t\t\t\t<\/div>\n\t\t<\/section>\n\t\t\t\t<section class=\"elementor-section elementor-top-section elementor-element elementor-element-170633a elementor-section-boxed elementor-section-height-default elementor-section-height-default\" data-id=\"170633a\" data-element_type=\"section\">\n\t\t\t\t\t\t<div class=\"elementor-container elementor-column-gap-default\">\n\t\t\t\t\t<div class=\"elementor-column elementor-col-100 elementor-top-column elementor-element elementor-element-7056be6\" data-id=\"7056be6\" data-element_type=\"column\">\n\t\t\t<div class=\"elementor-widget-wrap elementor-element-populated\">\n\t\t\t\t\t\t<div class=\"elementor-element elementor-element-d6cab8a elementor-widget elementor-widget-text-editor\" data-id=\"d6cab8a\" data-element_type=\"widget\" data-widget_type=\"text-editor.default\">\n\t\t\t\t<div class=\"elementor-widget-container\">\n\t\t\t\t\t\t\t\t\t<p style=\"font-size: 18px;\"><strong>Programme 2026\u00a0\u00a0<\/strong><\/p><p style=\"font-size: 18px;\">22 Mars<\/p><p style=\"font-size: 18px;\">16 mai<\/p><p style=\"font-size: 18px;\">13 septembre<\/p><p style=\"font-size: 18px;\">10 octobre<\/p><p style=\"font-size: 18px;\">21 novembre<\/p><p style=\"font-size: 18px;\"><strong>Des dates peuvent \u00eatre ajout\u00e9es pour un groupe, n\u2019h\u00e9sitez pas \u00e0 nous contacter pour vos demandes.<\/strong><\/p>\t\t\t\t\t\t\t\t<\/div>\n\t\t\t\t<\/div>\n\t\t\t\t\t<\/div>\n\t\t<\/div>\n\t\t\t\t\t<\/div>\n\t\t<\/section>\n\t\t\t\t<section class=\"elementor-section elementor-top-section elementor-element elementor-element-3df28c7 elementor-section-boxed elementor-section-height-default elementor-section-height-default\" data-id=\"3df28c7\" data-element_type=\"section\">\n\t\t\t\t\t\t<div class=\"elementor-container elementor-column-gap-default\">\n\t\t\t\t\t<div class=\"elementor-column elementor-col-100 elementor-top-column elementor-element elementor-element-863451a\" data-id=\"863451a\" data-element_type=\"column\">\n\t\t\t<div class=\"elementor-widget-wrap elementor-element-populated\">\n\t\t\t\t\t\t<div class=\"elementor-element elementor-element-1ff3d20 elementor-widget elementor-widget-text-editor\" data-id=\"1ff3d20\" data-element_type=\"widget\" data-widget_type=\"text-editor.default\">\n\t\t\t\t<div class=\"elementor-widget-container\">\n\t\t\t\t\t\t\t\t\t<p style=\"font-size: 18px;\"><a href=\"https:\/\/www.cvdieppe.fr\/wp-content\/uploads\/Fiche-inscription-stage.pdf\"><\/a>Pour vous inscrire, contactez-nous par mail contact@cvdieppe.fr pour r\u00e9server votre place et vous pouvez vous inscrire en ligne gr\u00e2ce au bouton ci-dessous.<\/p>\t\t\t\t\t\t\t\t<\/div>\n\t\t\t\t<\/div>\n\t\t\t\t\t<\/div>\n\t\t<\/div>\n\t\t\t\t\t<\/div>\n\t\t<\/section>\n\t\t\t\t<section class=\"elementor-section elementor-top-section elementor-element elementor-element-4a51608 elementor-section-boxed elementor-section-height-default elementor-section-height-default\" data-id=\"4a51608\" data-element_type=\"section\">\n\t\t\t\t\t\t<div class=\"elementor-container elementor-column-gap-default\">\n\t\t\t\t\t<div class=\"elementor-column elementor-col-100 elementor-top-column elementor-element elementor-element-3340c62\" data-id=\"3340c62\" data-element_type=\"column\">\n\t\t\t<div class=\"elementor-widget-wrap elementor-element-populated\">\n\t\t\t\t\t\t<div class=\"elementor-element elementor-element-6579518 elementor-button-info elementor-widget elementor-widget-button\" data-id=\"6579518\" data-element_type=\"widget\" data-widget_type=\"button.default\">\n\t\t\t\t<div class=\"elementor-widget-container\">\n\t\t\t\t\t\t\t\t\t<div class=\"elementor-button-wrapper\">\n\t\t\t\t\t<a class=\"elementor-button elementor-button-link elementor-size-sm\" href=\"https:\/\/cvdieppe.axyomes.com\/client\/3-1.php?9de1100174b656cc8d904386b090673b=1729674198\">\n\t\t\t\t\t\t<span class=\"elementor-button-content-wrapper\">\n\t\t\t\t\t\t\t\t\t<span class=\"elementor-button-text\">R\u00e9servez en ligne<\/span>\n\t\t\t\t\t<\/span>\n\t\t\t\t\t<\/a>\n\t\t\t\t<\/div>\n\t\t\t\t\t\t\t\t<\/div>\n\t\t\t\t<\/div>\n\t\t\t\t\t<\/div>\n\t\t<\/div>\n\t\t\t\t\t<\/div>\n\t\t<\/section>\n\t\t\t\t<section class=\"elementor-section elementor-top-section elementor-element elementor-element-0597f7b elementor-section-boxed elementor-section-height-default elementor-section-height-default\" data-id=\"0597f7b\" data-element_type=\"section\">\n\t\t\t\t\t\t<div class=\"elementor-container elementor-column-gap-default\">\n\t\t\t\t\t<div class=\"elementor-column elementor-col-100 elementor-top-column elementor-element elementor-element-a0b9347\" data-id=\"a0b9347\" data-element_type=\"column\">\n\t\t\t<div class=\"elementor-widget-wrap elementor-element-populated\">\n\t\t\t\t\t\t<div class=\"elementor-element elementor-element-55483d9 elementor-widget elementor-widget-image\" data-id=\"55483d9\" data-element_type=\"widget\" data-widget_type=\"image.default\">\n\t\t\t\t<div class=\"elementor-widget-container\">\n\t\t\t\t\t\t\t\t\t\t\t\t\t\t\t<img fetchpriority=\"high\" decoding=\"async\" width=\"750\" height=\"563\" src=\"https:\/\/www.cvdieppe.fr\/wp-content\/uploads\/manoeuvres-de-port-768x576.jpg\" class=\"attachment-medium_large size-medium_large wp-image-3321\" alt=\"\" srcset=\"https:\/\/www.cvdieppe.fr\/wp-content\/uploads\/manoeuvres-de-port-768x576.jpg 768w, https:\/\/www.cvdieppe.fr\/wp-content\/uploads\/manoeuvres-de-port-300x225.jpg 300w, https:\/\/www.cvdieppe.fr\/wp-content\/uploads\/manoeuvres-de-port-1024x768.jpg 1024w, https:\/\/www.cvdieppe.fr\/wp-content\/uploads\/manoeuvres-de-port.jpg 1280w\" sizes=\"(max-width: 750px) 100vw, 750px\" \/>\t\t\t\t\t\t\t\t\t\t\t\t\t\t\t<\/div>\n\t\t\t\t<\/div>\n\t\t\t\t\t<\/div>\n\t\t<\/div>\n\t\t\t\t\t<\/div>\n\t\t<\/section>\n\t\t\t\t<\/div>\n\t\t","protected":false},"excerpt":{"rendered":"<p>-Man\u0153uvres de port et amarrage d\u2019un voilier\u00a0:\u00a0 Man\u0153uvrer un voilier dans un port encombr\u00e9 n\u2018est pas toujours facile, surtout si le vent souffle\u00a0! Cette journ\u00e9e a pour but de vous enseigner toutes les \u00ab\u00a0ficelles\u00a0\u00bb de la man\u0153uvre\u00a0: conna\u00eetre les r\u00e9actions du bateau, identifier les difficult\u00e9s, pr\u00e9parer une arriv\u00e9e ou un [&hellip;]<\/p>\n","protected":false},"author":1,"featured_media":0,"parent":0,"menu_order":0,"comment_status":"closed","ping_status":"closed","template":"","meta":{"_seopress_robots_primary_cat":"","_seopress_titles_title":"","_seopress_titles_desc":"","_seopress_robots_index":"","_eb_attr":"","footnotes":""},"_links":{"self":[{"href":"https:\/\/www.cvdieppe.fr\/index.php?rest_route=\/wp\/v2\/pages\/2129"}],"collection":[{"href":"https:\/\/www.cvdieppe.fr\/index.php?rest_route=\/wp\/v2\/pages"}],"about":[{"href":"https:\/\/www.cvdieppe.fr\/index.php?rest_route=\/wp\/v2\/types\/page"}],"author":[{"embeddable":true,"href":"https:\/\/www.cvdieppe.fr\/index.php?rest_route=\/wp\/v2\/users\/1"}],"replies":[{"embeddable":true,"href":"https:\/\/www.cvdieppe.fr\/index.php?rest_route=%2Fwp%2Fv2%2Fcomments&post=2129"}],"version-history":[{"count":72,"href":"https:\/\/www.cvdieppe.fr\/index.php?rest_route=\/wp\/v2\/pages\/2129\/revisions"}],"predecessor-version":[{"id":4398,"href":"https:\/\/www.cvdieppe.fr\/index.php?rest_route=\/wp\/v2\/pages\/2129\/revisions\/4398"}],"wp:attachment":[{"href":"https:\/\/www.cvdieppe.fr\/index.php?rest_route=%2Fwp%2Fv2%2Fmedia&parent=2129"}],"curies":[{"name":"wp","href":"https:\/\/api.w.org\/{rel}","templated":true}]}}