{"id":168,"date":"2018-04-05T12:04:55","date_gmt":"2018-04-05T10:04:55","guid":{"rendered":"http:\/\/www.cvdieppe.fr\/?page_id=168"},"modified":"2020-04-12T15:05:40","modified_gmt":"2020-04-12T13:05:40","slug":"histoire-du-club","status":"publish","type":"page","link":"https:\/\/www.cvdieppe.fr\/?page_id=168","title":{"rendered":"Histoire du club"},"content":{"rendered":"\t\t<div data-elementor-type=\"wp-post\" data-elementor-id=\"168\" class=\"elementor elementor-168 elementor-bc-flex-widget\">\n\t\t\t\t\t\t<section class=\"elementor-section elementor-top-section elementor-element elementor-element-59d9619 elementor-section-boxed elementor-section-height-default elementor-section-height-default\" data-id=\"59d9619\" data-element_type=\"section\">\n\t\t\t\t\t\t<div class=\"elementor-container elementor-column-gap-default\">\n\t\t\t\t\t<div class=\"elementor-column elementor-col-100 elementor-top-column elementor-element elementor-element-58dae7c\" data-id=\"58dae7c\" data-element_type=\"column\">\n\t\t\t<div class=\"elementor-widget-wrap elementor-element-populated\">\n\t\t\t\t\t\t<div class=\"elementor-element elementor-element-5bbbb66 elementor-widget elementor-widget-text-editor\" data-id=\"5bbbb66\" data-element_type=\"widget\" data-widget_type=\"text-editor.default\">\n\t\t\t\t<div class=\"elementor-widget-container\">\n\t\t\t\t\t\t\t\t\t<p>L\u2019Association du Cercle de la Voile de Dieppe (CVD) a \u00e9t\u00e9 cr\u00e9\u00e9e en 1895 par des propri\u00e9taires de bateaux. Pendant la seconde guerre mondiale la plupart des bateaux et des mat\u00e9riels du club furent d\u00e9truits. Mais tout a \u00e9t\u00e9 reconstruit par amour de la mer et des navires.<\/p><p>L\u2019Association a \u00e9t\u00e9 reconnue d\u2019utilit\u00e9 publique en 1935. Ces passionn\u00e9s ont ensuite mis en place une \u00e9cole de voile ainsi qu\u2019une \u00e9cole de p\u00eache dans les ann\u00e9es 50 afin de pouvoir transmettre leur connaissance et leur savoir-faire. L\u2019\u00e9cole de voile a \u00e9t\u00e9 professionnalis\u00e9e en 1995 avec l\u2019arriv\u00e9e d\u2019un salari\u00e9. Depuis cette \u00e9cole ne cesse d\u2019accueillir des adultes ainsi que des jeunes qui d\u00e9sirent apprendre \u00e0 naviguer.<\/p>\t\t\t\t\t\t\t\t<\/div>\n\t\t\t\t<\/div>\n\t\t\t\t\t<\/div>\n\t\t<\/div>\n\t\t\t\t\t<\/div>\n\t\t<\/section>\n\t\t\t\t<section class=\"elementor-section elementor-top-section elementor-element elementor-element-0a5f941 elementor-section-boxed elementor-section-height-default elementor-section-height-default\" data-id=\"0a5f941\" data-element_type=\"section\">\n\t\t\t\t\t\t<div class=\"elementor-container elementor-column-gap-default\">\n\t\t\t\t\t<div class=\"elementor-column elementor-col-50 elementor-top-column elementor-element elementor-element-1770fa2\" data-id=\"1770fa2\" data-element_type=\"column\">\n\t\t\t<div class=\"elementor-widget-wrap elementor-element-populated\">\n\t\t\t\t\t\t<div class=\"elementor-element elementor-element-3101c43 elementor-widget elementor-widget-image\" data-id=\"3101c43\" data-element_type=\"widget\" data-widget_type=\"image.default\">\n\t\t\t\t<div class=\"elementor-widget-container\">\n\t\t\t\t\t\t\t\t\t\t\t\t\t\t\t<img fetchpriority=\"high\" decoding=\"async\" width=\"656\" height=\"707\" src=\"https:\/\/www.cvdieppe.fr\/wp-content\/uploads\/2018\/04\/logo_cercle_de_la_voile.png\" class=\"attachment-large size-large wp-image-22\" alt=\"\" srcset=\"https:\/\/www.cvdieppe.fr\/wp-content\/uploads\/2018\/04\/logo_cercle_de_la_voile.png 656w, https:\/\/www.cvdieppe.fr\/wp-content\/uploads\/2018\/04\/logo_cercle_de_la_voile-278x300.png 278w\" sizes=\"(max-width: 656px) 100vw, 656px\" \/>\t\t\t\t\t\t\t\t\t\t\t\t\t\t\t<\/div>\n\t\t\t\t<\/div>\n\t\t\t\t\t<\/div>\n\t\t<\/div>\n\t\t\t\t<div class=\"elementor-column elementor-col-50 elementor-top-column elementor-element elementor-element-3042955\" data-id=\"3042955\" data-element_type=\"column\">\n\t\t\t<div class=\"elementor-widget-wrap elementor-element-populated\">\n\t\t\t\t\t\t<div class=\"elementor-element elementor-element-77808b1 elementor-widget elementor-widget-text-editor\" data-id=\"77808b1\" data-element_type=\"widget\" data-widget_type=\"text-editor.default\">\n\t\t\t\t<div class=\"elementor-widget-container\">\n\t\t\t\t\t\t\t\t\t<h5>Dates importantes :<\/h5><p><span>1895 : Cr\u00e9ation <\/span><br \/><span>1935 :\u00a0D\u00e9claration en Sous-pr\u00e9fecture <\/span><br \/><span>1935 :\u00a0Publication au Journal Officiel <\/span><br \/><span>1951 :\u00a0Agr\u00e9ment Jeunesse et Sport<\/span><\/p>\t\t\t\t\t\t\t\t<\/div>\n\t\t\t\t<\/div>\n\t\t\t\t\t<\/div>\n\t\t<\/div>\n\t\t\t\t\t<\/div>\n\t\t<\/section>\n\t\t\t\t<\/div>\n\t\t","protected":false},"excerpt":{"rendered":"<p>L\u2019Association du Cercle de la Voile de Dieppe (CVD) a \u00e9t\u00e9 cr\u00e9\u00e9e en 1895 par des propri\u00e9taires de bateaux. Pendant la seconde guerre mondiale la plupart des bateaux et des mat\u00e9riels du club furent d\u00e9truits. Mais tout a \u00e9t\u00e9 reconstruit par amour de la mer et des navires. L\u2019Association a [&hellip;]<\/p>\n","protected":false},"author":1,"featured_media":0,"parent":0,"menu_order":0,"comment_status":"closed","ping_status":"closed","template":"","meta":{"_seopress_robots_primary_cat":"","_seopress_titles_title":"","_seopress_titles_desc":"","_seopress_robots_index":"","_eb_attr":"","footnotes":""},"_links":{"self":[{"href":"https:\/\/www.cvdieppe.fr\/index.php?rest_route=\/wp\/v2\/pages\/168"}],"collection":[{"href":"https:\/\/www.cvdieppe.fr\/index.php?rest_route=\/wp\/v2\/pages"}],"about":[{"href":"https:\/\/www.cvdieppe.fr\/index.php?rest_route=\/wp\/v2\/types\/page"}],"author":[{"embeddable":true,"href":"https:\/\/www.cvdieppe.fr\/index.php?rest_route=\/wp\/v2\/users\/1"}],"replies":[{"embeddable":true,"href":"https:\/\/www.cvdieppe.fr\/index.php?rest_route=%2Fwp%2Fv2%2Fcomments&post=168"}],"version-history":[{"count":4,"href":"https:\/\/www.cvdieppe.fr\/index.php?rest_route=\/wp\/v2\/pages\/168\/revisions"}],"predecessor-version":[{"id":1573,"href":"https:\/\/www.cvdieppe.fr\/index.php?rest_route=\/wp\/v2\/pages\/168\/revisions\/1573"}],"wp:attachment":[{"href":"https:\/\/www.cvdieppe.fr\/index.php?rest_route=%2Fwp%2Fv2%2Fmedia&parent=168"}],"curies":[{"name":"wp","href":"https:\/\/api.w.org\/{rel}","templated":true}]}}

<div data-elementor-type="wp-post" data-elementor-id="168" class="elementor elementor-168 elementor-bc-flex-widget">
						<section class="elementor-section elementor-top-section elementor-element elementor-element-59d9619 elementor-section-boxed elementor-section-height-default elementor-section-height-default" data-id="59d9619" data-element_type="section">
						<div class="elementor-container elementor-column-gap-default">
					<div class="elementor-column elementor-col-100 elementor-top-column elementor-element elementor-element-58dae7c" data-id="58dae7c" data-element_type="column">
			<div class="elementor-widget-wrap elementor-element-populated">
						<div class="elementor-element elementor-element-5bbbb66 elementor-widget elementor-widget-text-editor" data-id="5bbbb66" data-element_type="widget" data-widget_type="text-editor.default">
				<div class="elementor-widget-container">
									<p>L’Association du Cercle de la Voile de Dieppe (CVD) a été créée en 1895 par des propriétaires de bateaux. Pendant la seconde guerre mondiale la plupart des bateaux et des matériels du club furent détruits. Mais tout a été reconstruit par amour de la mer et des navires.</p><p>L’Association a été reconnue d’utilité publique en 1935. Ces passionnés ont ensuite mis en place une école de voile ainsi qu’une école de pêche dans les années 50 afin de pouvoir transmettre leur connaissance et leur savoir-faire. L’école de voile a été professionnalisée en 1995 avec l’arrivée d’un salarié. Depuis cette école ne cesse d’accueillir des adultes ainsi que des jeunes qui désirent apprendre à naviguer.</p>								</div>
				</div>
					</div>
		</div>
					</div>
		</section>
				<section class="elementor-section elementor-top-section elementor-element elementor-element-0a5f941 elementor-section-boxed elementor-section-height-default elementor-section-height-default" data-id="0a5f941" data-element_type="section">
						<div class="elementor-container elementor-column-gap-default">
					<div class="elementor-column elementor-col-50 elementor-top-column elementor-element elementor-element-1770fa2" data-id="1770fa2" data-element_type="column">
			<div class="elementor-widget-wrap elementor-element-populated">
						<div class="elementor-element elementor-element-3101c43 elementor-widget elementor-widget-image" data-id="3101c43" data-element_type="widget" data-widget_type="image.default">
				<div class="elementor-widget-container">
															<img fetchpriority="high" decoding="async" width="656" height="707" src="https://www.cvdieppe.fr/wp-content/uploads/2018/04/logo_cercle_de_la_voile.png" class="attachment-large size-large wp-image-22" alt="" srcset="https://www.cvdieppe.fr/wp-content/uploads/2018/04/logo_cercle_de_la_voile.png 656w, https://www.cvdieppe.fr/wp-content/uploads/2018/04/logo_cercle_de_la_voile-278x300.png 278w" sizes="(max-width: 656px) 100vw, 656px" />															</div>
				</div>
					</div>
		</div>
				<div class="elementor-column elementor-col-50 elementor-top-column elementor-element elementor-element-3042955" data-id="3042955" data-element_type="column">
			<div class="elementor-widget-wrap elementor-element-populated">
						<div class="elementor-element elementor-element-77808b1 elementor-widget elementor-widget-text-editor" data-id="77808b1" data-element_type="widget" data-widget_type="text-editor.default">
				<div class="elementor-widget-container">
									<h5>Dates importantes :</h5><p><span>1895 : Création </span><br /><span>1935 : Déclaration en Sous-préfecture </span><br /><span>1935 : Publication au Journal Officiel </span><br /><span>1951 : Agrément Jeunesse et Sport</span></p>								</div>
				</div>
					</div>
		</div>
					</div>
		</section>
				</div>

<p>L’Association du Cercle de la Voile de Dieppe (CVD) a été créée en 1895 par des propriétaires de bateaux. Pendant la seconde guerre mondiale la plupart des bateaux et des matériels du club furent détruits. Mais tout a été reconstruit par amour de la mer et des navires. L’Association a [&hellip;]</p>
