{"id":128,"date":"2018-04-05T11:25:06","date_gmt":"2018-04-05T09:25:06","guid":{"rendered":"http:\/\/www.cvdieppe.fr\/?page_id=128"},"modified":"2025-11-16T12:47:54","modified_gmt":"2025-11-16T11:47:54","slug":"point-plage","status":"publish","type":"page","link":"https:\/\/www.cvdieppe.fr\/?page_id=128","title":{"rendered":"Point Plage"},"content":{"rendered":"\t\t<div data-elementor-type=\"wp-post\" data-elementor-id=\"128\" class=\"elementor elementor-128\">\n\t\t\t\t\t\t<section class=\"elementor-section elementor-top-section elementor-element elementor-element-00ae784 elementor-section-boxed elementor-section-height-default elementor-section-height-default\" data-id=\"00ae784\" data-element_type=\"section\">\n\t\t\t\t\t\t<div class=\"elementor-container elementor-column-gap-default\">\n\t\t\t\t\t<div class=\"elementor-column elementor-col-50 elementor-top-column elementor-element elementor-element-687e866\" data-id=\"687e866\" data-element_type=\"column\">\n\t\t\t<div class=\"elementor-widget-wrap elementor-element-populated\">\n\t\t\t\t\t\t<div class=\"elementor-element elementor-element-fdc90d8 elementor-widget elementor-widget-text-editor\" data-id=\"fdc90d8\" data-element_type=\"widget\" data-widget_type=\"text-editor.default\">\n\t\t\t\t<div class=\"elementor-widget-container\">\n\t\t\t\t\t\t\t\t\t<p>Le Point Plage est ouvert les week-ends et jours f\u00e9ri\u00e9s du dernier week-end de juin au dernier week-end du mois d&rsquo;ao\u00fbt. La location de catamarans, kayaks simples ou doubles et paddle est possible.<\/p><p>Nous serons heureux de vous accueillir et de vous faire profiter de la navigation devant la plage de Dieppe. N&rsquo;h\u00e9sitez pas \u00e0 nous contacter 06.75.41.55.02 pour connaitre les disponibilit\u00e9s (seulement sur la p\u00e9riode d&rsquo;ouverture).<\/p><p>En compl\u00e9ment des activit\u00e9s de location, le CVD organise durant la p\u00e9riode estivale des stages sur optimist\/funboat pour les enfants et des stages sur d\u00e9riveur double RS Zest pour les adolescents. (contact au club)<\/p>\t\t\t\t\t\t\t\t<\/div>\n\t\t\t\t<\/div>\n\t\t\t\t\t<\/div>\n\t\t<\/div>\n\t\t\t\t<div class=\"elementor-column elementor-col-50 elementor-top-column elementor-element elementor-element-20aa743\" data-id=\"20aa743\" data-element_type=\"column\">\n\t\t\t<div class=\"elementor-widget-wrap elementor-element-populated\">\n\t\t\t\t\t\t<div class=\"elementor-element elementor-element-70ffa41 elementor-widget elementor-widget-image\" data-id=\"70ffa41\" data-element_type=\"widget\" data-widget_type=\"image.default\">\n\t\t\t\t<div class=\"elementor-widget-container\">\n\t\t\t\t\t\t\t\t\t\t\t\t\t\t\t<img fetchpriority=\"high\" decoding=\"async\" width=\"750\" height=\"563\" src=\"https:\/\/www.cvdieppe.fr\/wp-content\/uploads\/2018\/04\/P7220118-1024x768.jpg\" class=\"attachment-large size-large wp-image-129\" alt=\"\" srcset=\"https:\/\/www.cvdieppe.fr\/wp-content\/uploads\/2018\/04\/P7220118-1024x768.jpg 1024w, https:\/\/www.cvdieppe.fr\/wp-content\/uploads\/2018\/04\/P7220118-300x225.jpg 300w, https:\/\/www.cvdieppe.fr\/wp-content\/uploads\/2018\/04\/P7220118-768x576.jpg 768w\" sizes=\"(max-width: 750px) 100vw, 750px\" \/>\t\t\t\t\t\t\t\t\t\t\t\t\t\t\t<\/div>\n\t\t\t\t<\/div>\n\t\t\t\t\t<\/div>\n\t\t<\/div>\n\t\t\t\t\t<\/div>\n\t\t<\/section>\n\t\t\t\t<section class=\"elementor-section elementor-top-section elementor-element elementor-element-f7981cb elementor-section-boxed elementor-section-height-default elementor-section-height-default\" data-id=\"f7981cb\" data-element_type=\"section\">\n\t\t\t\t\t\t<div class=\"elementor-container elementor-column-gap-default\">\n\t\t\t\t\t<div class=\"elementor-column elementor-col-100 elementor-top-column elementor-element elementor-element-fd88814\" data-id=\"fd88814\" data-element_type=\"column\">\n\t\t\t<div class=\"elementor-widget-wrap elementor-element-populated\">\n\t\t\t\t\t\t<div class=\"elementor-element elementor-element-00ccf02 elementor-widget elementor-widget-image\" data-id=\"00ccf02\" data-element_type=\"widget\" data-widget_type=\"image.default\">\n\t\t\t\t<div class=\"elementor-widget-container\">\n\t\t\t\t\t\t\t\t\t\t\t\t\t\t\t<img decoding=\"async\" width=\"750\" height=\"563\" src=\"https:\/\/www.cvdieppe.fr\/wp-content\/uploads\/zest-1-1024x768.jpg\" class=\"attachment-large size-large wp-image-4349\" alt=\"\" srcset=\"https:\/\/www.cvdieppe.fr\/wp-content\/uploads\/zest-1-1024x768.jpg 1024w, https:\/\/www.cvdieppe.fr\/wp-content\/uploads\/zest-1-300x225.jpg 300w, https:\/\/www.cvdieppe.fr\/wp-content\/uploads\/zest-1-768x576.jpg 768w, https:\/\/www.cvdieppe.fr\/wp-content\/uploads\/zest-1-1536x1152.jpg 1536w, https:\/\/www.cvdieppe.fr\/wp-content\/uploads\/zest-1-2048x1536.jpg 2048w\" sizes=\"(max-width: 750px) 100vw, 750px\" \/>\t\t\t\t\t\t\t\t\t\t\t\t\t\t\t<\/div>\n\t\t\t\t<\/div>\n\t\t\t\t\t<\/div>\n\t\t<\/div>\n\t\t\t\t\t<\/div>\n\t\t<\/section>\n\t\t\t\t<\/div>\n\t\t","protected":false},"excerpt":{"rendered":"<p>Le Point Plage est ouvert les week-ends et jours f\u00e9ri\u00e9s du dernier week-end de juin au dernier week-end du mois d&rsquo;ao\u00fbt. La location de catamarans, kayaks simples ou doubles et paddle est possible. Nous serons heureux de vous accueillir et de vous faire profiter de la navigation devant la plage [&hellip;]<\/p>\n","protected":false},"author":1,"featured_media":0,"parent":0,"menu_order":0,"comment_status":"closed","ping_status":"closed","template":"","meta":{"_seopress_robots_primary_cat":"","_seopress_titles_title":"","_seopress_titles_desc":"","_seopress_robots_index":"","_eb_attr":"","footnotes":""},"_links":{"self":[{"href":"https:\/\/www.cvdieppe.fr\/index.php?rest_route=\/wp\/v2\/pages\/128"}],"collection":[{"href":"https:\/\/www.cvdieppe.fr\/index.php?rest_route=\/wp\/v2\/pages"}],"about":[{"href":"https:\/\/www.cvdieppe.fr\/index.php?rest_route=\/wp\/v2\/types\/page"}],"author":[{"embeddable":true,"href":"https:\/\/www.cvdieppe.fr\/index.php?rest_route=\/wp\/v2\/users\/1"}],"replies":[{"embeddable":true,"href":"https:\/\/www.cvdieppe.fr\/index.php?rest_route=%2Fwp%2Fv2%2Fcomments&post=128"}],"version-history":[{"count":10,"href":"https:\/\/www.cvdieppe.fr\/index.php?rest_route=\/wp\/v2\/pages\/128\/revisions"}],"predecessor-version":[{"id":4356,"href":"https:\/\/www.cvdieppe.fr\/index.php?rest_route=\/wp\/v2\/pages\/128\/revisions\/4356"}],"wp:attachment":[{"href":"https:\/\/www.cvdieppe.fr\/index.php?rest_route=%2Fwp%2Fv2%2Fmedia&parent=128"}],"curies":[{"name":"wp","href":"https:\/\/api.w.org\/{rel}","templated":true}]}}

<div data-elementor-type="wp-post" data-elementor-id="128" class="elementor elementor-128">
						<section class="elementor-section elementor-top-section elementor-element elementor-element-00ae784 elementor-section-boxed elementor-section-height-default elementor-section-height-default" data-id="00ae784" data-element_type="section">
						<div class="elementor-container elementor-column-gap-default">
					<div class="elementor-column elementor-col-50 elementor-top-column elementor-element elementor-element-687e866" data-id="687e866" data-element_type="column">
			<div class="elementor-widget-wrap elementor-element-populated">
						<div class="elementor-element elementor-element-fdc90d8 elementor-widget elementor-widget-text-editor" data-id="fdc90d8" data-element_type="widget" data-widget_type="text-editor.default">
				<div class="elementor-widget-container">
									<p>Le Point Plage est ouvert les week-ends et jours fériés du dernier week-end de juin au dernier week-end du mois d&rsquo;août. La location de catamarans, kayaks simples ou doubles et paddle est possible.</p><p>Nous serons heureux de vous accueillir et de vous faire profiter de la navigation devant la plage de Dieppe. N&rsquo;hésitez pas à nous contacter 06.75.41.55.02 pour connaitre les disponibilités (seulement sur la période d&rsquo;ouverture).</p><p>En complément des activités de location, le CVD organise durant la période estivale des stages sur optimist/funboat pour les enfants et des stages sur dériveur double RS Zest pour les adolescents. (contact au club)</p>								</div>
				</div>
					</div>
		</div>
				<div class="elementor-column elementor-col-50 elementor-top-column elementor-element elementor-element-20aa743" data-id="20aa743" data-element_type="column">
			<div class="elementor-widget-wrap elementor-element-populated">
						<div class="elementor-element elementor-element-70ffa41 elementor-widget elementor-widget-image" data-id="70ffa41" data-element_type="widget" data-widget_type="image.default">
				<div class="elementor-widget-container">
															<img fetchpriority="high" decoding="async" width="750" height="563" src="https://www.cvdieppe.fr/wp-content/uploads/2018/04/P7220118-1024x768.jpg" class="attachment-large size-large wp-image-129" alt="" srcset="https://www.cvdieppe.fr/wp-content/uploads/2018/04/P7220118-1024x768.jpg 1024w, https://www.cvdieppe.fr/wp-content/uploads/2018/04/P7220118-300x225.jpg 300w, https://www.cvdieppe.fr/wp-content/uploads/2018/04/P7220118-768x576.jpg 768w" sizes="(max-width: 750px) 100vw, 750px" />															</div>
				</div>
					</div>
		</div>
					</div>
		</section>
				<section class="elementor-section elementor-top-section elementor-element elementor-element-f7981cb elementor-section-boxed elementor-section-height-default elementor-section-height-default" data-id="f7981cb" data-element_type="section">
						<div class="elementor-container elementor-column-gap-default">
					<div class="elementor-column elementor-col-100 elementor-top-column elementor-element elementor-element-fd88814" data-id="fd88814" data-element_type="column">
			<div class="elementor-widget-wrap elementor-element-populated">
						<div class="elementor-element elementor-element-00ccf02 elementor-widget elementor-widget-image" data-id="00ccf02" data-element_type="widget" data-widget_type="image.default">
				<div class="elementor-widget-container">
															<img decoding="async" width="750" height="563" src="https://www.cvdieppe.fr/wp-content/uploads/zest-1-1024x768.jpg" class="attachment-large size-large wp-image-4349" alt="" srcset="https://www.cvdieppe.fr/wp-content/uploads/zest-1-1024x768.jpg 1024w, https://www.cvdieppe.fr/wp-content/uploads/zest-1-300x225.jpg 300w, https://www.cvdieppe.fr/wp-content/uploads/zest-1-768x576.jpg 768w, https://www.cvdieppe.fr/wp-content/uploads/zest-1-1536x1152.jpg 1536w, https://www.cvdieppe.fr/wp-content/uploads/zest-1-2048x1536.jpg 2048w" sizes="(max-width: 750px) 100vw, 750px" />															</div>
				</div>
					</div>
		</div>
					</div>
		</section>
				</div>

<p>Le Point Plage est ouvert les week-ends et jours fériés du dernier week-end de juin au dernier week-end du mois d&rsquo;août. La location de catamarans, kayaks simples ou doubles et paddle est possible. Nous serons heureux de vous accueillir et de vous faire profiter de la navigation devant la plage [&hellip;]</p>
