{"id":106,"date":"2018-04-05T11:13:21","date_gmt":"2018-04-05T09:13:21","guid":{"rendered":"http:\/\/www.cvdieppe.fr\/?page_id=106"},"modified":"2024-12-01T10:56:57","modified_gmt":"2024-12-01T09:56:57","slug":"challenge-cvd-2018","status":"publish","type":"page","link":"https:\/\/www.cvdieppe.fr\/?page_id=106","title":{"rendered":"Troph\u00e9e Oph\u00e9lie 2025"},"content":{"rendered":"<p>Les 28 et 29 juin 2025, le CVD organise le Troph\u00e9e Oph\u00e9lie \u00e0 la fois r\u00e9gate et Rallye.<\/p>\n<p>Pour la r\u00e9gate, les informations sont les suivantes :<\/p>\n<p>2 parcours possibles suivant les conditions m\u00e9t\u00e9orologiques :<\/p>\n<ul>\n<li><strong>Parcours 1 (Parcours Oph\u00e9lie) :<\/strong> D\u00e9part \u2013 Oph\u00e9lie (Td) \u2013 Arriv\u00e9e<\/li>\n<li><strong>Parcours 2 (Parcours Vergoyer Est) :<\/strong> D\u00e9part \u2013 Vergoyer Est (Td) \u2013 Arriv\u00e9e<\/li>\n<\/ul>\n<p><strong>Tarifs\u00a0 :<\/strong><\/p>\n<p>Inscriptions par mail ou au club.<\/p>\n<p>Retrouvez\u00a0 prochainement l&rsquo;avis de course et la fiche d&rsquo;inscription<\/p>\n","protected":false},"excerpt":{"rendered":"<p>Les 28 et 29 juin 2025, le CVD organise le Troph\u00e9e Oph\u00e9lie \u00e0 la fois r\u00e9gate et Rallye. Pour la r\u00e9gate, les informations sont les suivantes : 2 parcours possibles suivant les conditions m\u00e9t\u00e9orologiques : Parcours 1 (Parcours Oph\u00e9lie) : D\u00e9part \u2013 Oph\u00e9lie (Td) \u2013 Arriv\u00e9e Parcours 2 (Parcours Vergoyer [&hellip;]<\/p>\n","protected":false},"author":1,"featured_media":0,"parent":0,"menu_order":0,"comment_status":"closed","ping_status":"closed","template":"","meta":{"_seopress_robots_primary_cat":"","_seopress_titles_title":"","_seopress_titles_desc":"","_seopress_robots_index":"","_eb_attr":"","footnotes":""},"_links":{"self":[{"href":"https:\/\/www.cvdieppe.fr\/index.php?rest_route=\/wp\/v2\/pages\/106"}],"collection":[{"href":"https:\/\/www.cvdieppe.fr\/index.php?rest_route=\/wp\/v2\/pages"}],"about":[{"href":"https:\/\/www.cvdieppe.fr\/index.php?rest_route=\/wp\/v2\/types\/page"}],"author":[{"embeddable":true,"href":"https:\/\/www.cvdieppe.fr\/index.php?rest_route=\/wp\/v2\/users\/1"}],"replies":[{"embeddable":true,"href":"https:\/\/www.cvdieppe.fr\/index.php?rest_route=%2Fwp%2Fv2%2Fcomments&post=106"}],"version-history":[{"count":50,"href":"https:\/\/www.cvdieppe.fr\/index.php?rest_route=\/wp\/v2\/pages\/106\/revisions"}],"predecessor-version":[{"id":4125,"href":"https:\/\/www.cvdieppe.fr\/index.php?rest_route=\/wp\/v2\/pages\/106\/revisions\/4125"}],"wp:attachment":[{"href":"https:\/\/www.cvdieppe.fr\/index.php?rest_route=%2Fwp%2Fv2%2Fmedia&parent=106"}],"curies":[{"name":"wp","href":"https:\/\/api.w.org\/{rel}","templated":true}]}}